) = 5*j**3 + 14*j**2 - 3*j - 2. Let f(a) = -a**2 - a - 3. Let k be f(-2). Let b(p) = k*s(p) - 8*i(p). Give b(2).
0
Let b(j) = j + 1. Let s(a) = -11*a - 3. Let p(k) = -4*b(k) - s(k). Suppose 4*z = -37 - 11. Let i be ((-8)/z)/(4/(-6)). Calculate p(i).
-8
Let b be 3 + (-2)/(-1) - 1. Let z(d) = 5*d**2 + 15*d + 8. Let m(y) = -4 - 2 + 3 + 3*y**2 + 8*y + 7. Let r(l) = 7*m(l) - 4*z(l). What is r(b)?
-4
Let m(p) = -12*p**3 - p + 1. Let z be m(1). Let q be 0/(-2 + z/(-3)). Let j(n) be the first derivative of n**4/4 + n**2/2 - 7*n - 1. Determine j(q).
-7
Let i(u) = -3*u - 8. Let l(x) = 4*x - 12. Let a be l(4). Suppose r + 2*r + t + 17 = 0, 0 = a*r - 5*t + 48. Calculate i(r).
13
Let p(w) = 4*w**2 - 3*w + 4. Let u(c) = -c**2 + 2*c - 3. Let v(g) = 2*p(g) + 3*u(g). What is v(-1)?
4
Let i(w) = w**3 - 5*w**2 + 2*w - 3. Let s = 3 - 2. Let n(y) = 6*y**3 + y**2 - 1. Let r be n(s). Suppose -3*k = -r, k + 16 = 2*q + 4*k. Determine i(q).
7
Let b(x) be the first derivative of -1/2*x**2 - x**3 - 2*x - 38. Determine b(2).
-16
Let k(a) be the second derivative of -a**3/3 - 3*a**2/2 + 3*a. Let d be 30/1*6/10. Let o be (6/d)/(2/(-18)). What is k(o)?
3
Let d(b) be the third derivative of -b**6/120 + 7*b**5/60 - b**4/24 + 7*b**3/6 - 319*b**2. Calculate d(7).
0
Let m be (1 - (-6)/(-4))*0. Let u(h) = -4*h + 4. Let g(v) = -3*v - 1. Let o(d) = -3*g(d) + 2*u(d). Determine o(m).
11
Suppose -3*x + 0*x = 2*r - 26, -4*x = 0. Let d(b) = r + 5*b - 4 + 3*b - 7*b. Determine d(-6).
3
Let x be (-5 + -8)/((-1)/2). Let k = x - 24. Let w(d) = -d**3 - 2*d - 62 - 2*d**2 + 65 + 2*d**3. Calculate w(k).
-1
Suppose 3*x - 7*x = 4. Let w(p) = p + 1. Let u(l) = -1. Let c(k) = -2*u(k) - 2*w(k). Calculate c(x).
2
Suppose 8*d = 5*d. Suppose 6*r = -d*r - 30. Let n(w) = w**2 + 7*w + 3. Determine n(r).
-7
Let s = -778 - -46681/60. Let d(k) be the third derivative of 0 - 1/6*k**3 - s*k**5 - 2*k**2 - 1/12*k**4 + 0*k. Determine d(-1).
0
Suppose 2*l + 6 = -4*y, 2*l - 5*y = 6*l + 15. Let a(v) = v**3 + 6*v**2 + 3*v - 6. Calculate a(l).
4
Let x be ((-4)/14)/(56/(-980)). Let l(j) = j**2 - 2*j - 4. Determine l(x).
11
Let g(o) = o**2 + 9*o - 13. Let w be (38 - 36)*(-10)/2. What is g(w)?
-3
Let q(b) = b - 4. Let s(i) = i**2 + i - 5. Let l be s(-2). Let h be (-6)/(0 + 6/(-3)). Let t be (-2)/l - (-16)/h. What is q(t)?
2
Let p be (-6 + 2 + 3)*0. Let t(m) = -3 + p*m + 0*m + 0*m - m. What is t(7)?
-10
Let c(g) be the third derivative of g**9/60480 - g**8/5040 - g**6/144 + 13*g**5/30 + 24*g**2. Let l(x) be the third derivative of c(x). Calculate l(4).
-5
Let r(h) be the third derivative of 17*h**4/24 - h**3/3 + 128*h**2. Give r(-2).
-36
Let j = -64 - -66. Let r(i) = -8 - 3*i**j - 7 + 17 + i. Give r(2).
-8
Let i(v) = -7*v + 5 + 3 - 5*v**2 - 3*v**3 + 9*v**3. Let s(k) = -k**3 - 1. Let d(a) = -i(a) - 5*s(a). Let r = 681 - 675. Calculate d(r).
3
Let m(h) be the first derivative of 9 + 2*h**4 + 0*h**2 + 1/3*h**3 - h. Let a = -4 - -3. Calculate m(a).
-8
Let t(l) be the third derivative of -l**4/24 + l**3/6 + 2*l**2. Let d(m) = -m + 8. Let u be d(6). Suppose 4*w + 2*c = 2 + 14, -8 = -u*w - 2*c. Give t(w).
-3
Let y(t) = 447 + 2*t - t - 462. Determine y(5).
-10
Let b be ((-2)/(-4))/(18/432). Suppose 5*m + b = 32. Let n(w) = 2*w**2 - 6*w. Determine n(m).
8
Suppose 4*h = -20*o + 18*o - 22, 2*o = 4*h + 34. Let z(s) = 3*s + 5. Let d(g) = -1. Let j(l) = 5*d(l) - z(l). What is j(h)?
11
Let a(t) = -t**3 + t**2 - t - 1. Suppose 2*r = -4*r - 6. Let g be a(r). Suppose 2*s - g = 2. Let j(u) = -u**2 + u + 2. Calculate j(s).
0
Let b(x) = -x**2 + x - 1. Let d(l) = l**2 - 9*l + 4. Let v be d(9). Suppose 0 = -4*g - v*z + 4, 5*z - 6 = -3*g + 3*z. Let u be g/3*6/4. What is b(u)?
-3
Suppose -9*i + 11*i - 18 = 0. Let c(a) be the first derivative of -i - a**2 + 6*a - 17*a + 8*a. Calculate c(-3).
3
Suppose 3*v = 3*f - 15, -4*f + v = -6*f + 1. Let h(n) = -n - 6 + 1 + 2 - f. Determine h(4).
-9
Let w(q) = 66*q + 66. Let h(o) = -12*o - 13. Let c(u) = 16*h(u) + 3*w(u). Calculate c(4).
14
Let u(s) = 663*s**3 - 4*s - 7*s**2 - 328*s**3 - 334*s**3 + s - 8. What is u(8)?
32
Let v(i) = -302*i + 151*i + 147*i + 2. Calculate v(1).
-2
Suppose 0 = -3*b + 7*b, -3*h - 4*b = 0. Let t be -3 + h*(-3 + 4). Let j(c) = -c**2 + 2. Calculate j(t).
-7
Suppose 0 = 4*r + 7 + 25. Let y = -5 - r. Let c(h) = -y*h**3 - h + 4*h**3 - h**2 + 1 - h. Calculate c(-2).
-7
Let l(s) = -s**3 - 6*s**2 + 6*s - 1. Let o(y) = y**3 + 3*y**2 + 3*y + 4. Let a be o(-3). Let d be -7 - (-4 - (a + 1)). Give l(d).
6
Let c(i) = -i**2 - 12*i + 22. Let x(l) = -l + 13. Let o be x(27). Calculate c(o).
-6
Let g be (-15)/(-6)*(-36)/(-15). Let d(k) be the third derivative of -1/60*k**5 + 0*k - 5/6*k**3 + 0 + 1/120*k**g + 3*k**2 + 0*k**4. Calculate d(0).
-5
Let m be (-5 - -3)/((-14)/21). Let c(p) = 3*p - 3. Determine c(m).
6
Let i(c) be the third derivative of c**8/20160 + c**7/630 + c**6/720 - 7*c**5/60 + 14*c**2. Let z(k) be the third derivative of i(k). What is z(-6)?
-11
Let w(i) = -i - 2. Let t(j) = -j**2 - 5*j + 1. Let c be t(-6). Let l = 246 + -239. Let z = l + c. Calculate w(z).
-4
Let d(k) = 3*k + 22. Let x(q) = q**2 - 2*q - 207. Let r be x(15). Give d(r).
-14
Suppose 2*u = -8 - 2. Let t be (1/(-1))/((-1)/u). Let d(y) = -5*y**2 - 2*y - 47. Let f(g) = 4*g**2 + g + 40. Let x(p) = 5*d(p) + 6*f(p). Calculate x(t).
0
Let v(j) = -4*j**3 - 3*j**2 + 2*j - 6. Let f(r) = 5*r**3 + 2*r**2 - 5*r + 6. Let c(w) = 3*f(w) + 4*v(w). Give c(-4).
-10
Let o = -87 + 87. Let k(n) be the second derivative of 0*n**3 - 4*n + 1/20*n**5 + o + 1/12*n**4 - n**2. Give k(0).
-2
Let o = 2 + 7. Suppose 4*r - o = -1. Let g(b) = -b**3 + 3*b**2 - 1. Give g(r).
3
Let a(q) = -2*q - 14. Let k be 24*((-81)/(-9))/27. Give a(k).
-30
Let w(a) = 2*a - 3. Let r(c) = 9*c + 1 - 8*c - 5. Let z(x) = 2*r(x) - 3*w(x). Suppose -d + y = -5*d - 10, 5*d + 20 = -5*y. Determine z(d).
9
Let u(i) = -2*i**3 + 3*i**2 - i. Let f(b) = -5*b**3 + 7*b**2 - 2*b. Let g(a) = -3*f(a) + 7*u(a). Let d be (-1)/(-1) - 2/1. Give g(d).
0
Let u(l) = -l**2 - l + 1. Let q(y) = -3. Let p(g) = -q(g) - u(g). Let a = 3 + -5. Give p(a).
4
Let g(a) be the first derivative of -a**4/2 + a**3/6 - 7*a**2 - 25. Let l(f) be the second derivative of g(f). What is l(1)?
-11
Suppose 3*p + 10 = p. Let j(l) be the first derivative of -l**3/3 - 5*l**2/2 - 5. What is j(p)?
0
Let y(v) = 3*v - 3*v + 9*v**2. Let m(i) = 3*i + 31. Let h be m(-9). Let a be 1 - (-2 - (0 - h)). Give y(a).
9
Let l be 17/3 + (-6)/9. Let i(d) = -d**2 - d. Suppose 3*p + 13 = -2*w, -2*w = -3*p + 6 + 1. Let v(o) = o**2 - 1. Let m(c) = w*v(c) - 4*i(c). Determine m(l).
0
Let g(u) = -u**2 + u + 1. Let a be -73*4*(-1)/(-4). Let l = a + 72. Calculate g(l).
-1
Let x be ((-6)/3)/1*3/2. Let k be 2 - (x - (-12 + 1)). Let s(n) = -n**3 - 6*n**2 + 2*n + 8. Determine s(k).
-4
Let r(d) = -d - 5. Suppose 0*t = 3*t - 24. Suppose -k = 1 + t. Let z be (0 - 3/k)*-15. Calculate r(z).
0
Suppose 0*c - c - 34 = -5*o, -5*c = -3*o + 38. Let g(z) = 23*z - 6. Let p(h) = 8*h - 2. Let x(a) = o*g(a) - 17*p(a). What is x(-2)?
-6
Let l = 254 + -256. Let f(z) = -14*z + 3. Let y(a) = -7*a + 1. Let p(i) = 3*f(i) - 7*y(i). What is p(l)?
-12
Let r(v) = v**2 + 6*v - 3. Let d be (-1)/(-2) - 7/14. Suppose -p + 3 = -d*p. Suppose 0 = p*k + 4 + 14. Give r(k).
-3
Let s be 112/260*5 + (-4)/26. Suppose 4*l + 33 = -k, -5*l + s - 12 = -5*k. Let h(j) = -j**3 - 7*j**2 + 4. What is h(l)?
4
Let a(c) = -1. Let t(z) = z - 4. Let h(x) = -x + 4. Let g(u) = 6*h(u) + 5*t(u). Let b(m) = -6*a(m) - g(m). Give b(-6).
-4
Let h be -1*(5 - 36/4). Let z(c) = -5*c + 8. Let w(o) = -25*o + 41. Let f(d) = -2*w(d) + 11*z(d). What is f(h)?
-14
Let p be -1 + -4 + 4/(-2). Let s = 7 + p. Suppose s = c + 5 - 0. Let r(q) = q. Determine r(c).
-5
Let k(c) = -c - 5. Suppose -8 = -5*d - u, 3*u + u = 2*d - 12. Let p be 9/d - 6/(-12). Suppose -p + 11 = -z. Calculate k(z).
1
Let b(c) = -6*c + 1. Let x(k) = 5*k - 2. Let i = -22 + 12. Let h = -5 - i. Let g(m) = h*x(m) + 4*b(m). Determine g(6).
0
Let r(g) = -5*g + 1. Suppose -1 = 2*f - 17. Let n be (f*3/6)/(-2). Give r(n).
11
Suppose -2*m + 8 = -4*y, 4 = 4*m - y - 5. Suppose -m*f + 7 = -3*f. Let g(x) = x**3 + 8*x**2 + 8*x - 6. Give g(f).
-13
Let l(i) be the third derivative of i**6/720 - i**5/24 - i**4/12 - 24*i**2. Let d(r) be the second derivative of l(r). What i